1052224554
Convert 153446 (base 8) to base 7.
316402
What is -cce42 (base 16) in base 14?
-17bbb4
342a62 (base 14) to base 15
250c65
1012123331113 (base 4) to base 12
6225647
What is 52a77 (base 13) in base 10?
148987
What is -100010012000 (base 3) in base 13?
-638c4
-1042c (base 14) to base 10
-39240
What is 10352852 (base 9) in base 15?
68a04e
-2011313 (base 5) to base 16
-7d53
3023031310 (base 4) to base 8
3131564
14b6c (base 16) to base 11
58821
What is 7465c (base 14) in base 9?
467584
What is 480151 (base 9) in base 3?
112200011201
What is 1000300124 (base 5) in base 6?
110021455
Convert 230233023 (base 6) to base 10.
4219143
1320302 (base 4) to base 9
11538
What is -102214020 (base 5) in base 16?
-68ccc
Convert -5749a (base 11) to base 5.
-10124430
1021121322 (base 4) to base 7
2361402
Convert 15145652 (base 7) to base 9.
2634572
Convert -111a1 (base 15) to base 5.
-3220001
Convert -3231321320 (base 4) to base 6.
-32515212
Convert -2423740 (base 8) to base 5.
-132244233
Convert -93e4 (base 15) to base 6.
-400424
Convert 25172165 (base 8) to base 9.
11425277
Convert 19494b9 (base 14) to base 5.
11203034014
541533431 (base 6) to base 10
9608059
Convert -200112210021 (base 3) to base 13.
-ca228
51066 (base 9) to base 3
1201002020
Convert -43651121 (base 7) to base 4.
-32112003311
Convert 10136555 (base 7) to base 9.
1534748
426090 (base 11) to base 13
1ab2c7
Convert 201e77 (base 16) to base 11.
1208532
a1992 (base 13) to base 5
33230242
What is -4951c (base 14) in base 4?
-223302212
Convert 30606164 (base 7) to base 14.
4adca4
-1120111122221 (base 3) to base 13
-233a76
12001021120 (base 3) to base 13
362b2
Convert 103443230 (base 5) to base 16.
6e94c
Convert -293d4 (base 16) to base 9.
-276634
Convert 14404 (base 11) to base 15.
60d8
Convert -212210000211200 (base 3) to base 11.
-7151491
What is 13303054 (base 7) in base 15?
193ca4
24712108 (base 9) to base 8
56152401
15658 (base 9) to base 3
112201222
569a8 (base 16) to base 3
200000121002
9856a4 (base 13) to base 5
1404113013
What is 4b2b4c (base 13) in base 14?
35007a
2b0b14 (base 16) to base 14
53603a
What is 1001132310 (base 4) in base 10?
268212
10200200001210 (base 3) to base 8
7367473
Convert 10213312021 (base 4) to base 3.
2021120020221
What is -7113604 (base 10) in base 14?
-d325c8
Convert -1641359 (base 12) to base 13.
-c3a5a5
Convert -220110 (base 8) to base 16.
-12048
What is 11104287 (base 9) in base 4?
110200221220
Convert 1110011010000 (base 2) to base 8.
16320
Convert 20101211120010 (base 3) to base 7.
40626066
20e77a (base 15) to base 11
980913
What is -11001001000001011101 (base 2) in base 8?
-3110135
What is 21021220010011 (base 3) in base 5?
1443003244
-120101221212012 (base 3) to base 8
-37166640
31642553 (base 8) to base 6
401021123
Convert -1001000010100001001101 (base 2) to base 11.
-1379364
Convert 10332431 (base 6) to base 15.
612b7
13506556 (base 7) to base 14
24c32d
What is -2078284 (base 9) in base 15?
-170504
What is 30526c (base 16) in base 11?
1873315
What is a49155 (base 11) in base 2?
110011010011101010010
What is 122303102 (base 4) in base 15?
227d8
What is 14705351 (base 10) in base 9?
30602848
Convert -11011001100010011110 (base 2) to base 5.
-212003123
Convert 2211043 (base 8) to base 5.
123010332
What is -100101001010101001001 (base 2) in base 5?
-302432430
-2736a (base 12) to base 8
-151502
What is -422403434 (base 5) in base 8?
-6563262
What is 15175051 (base 8) in base 7?
41340124
65902 (base 13) to base 15
39734
Convert 13893 (base 13) to base 10.
36624
Convert -4153341 (base 7) to base 14.
-d0621
Convert -560d81 (base 14) to base 16.
-2c9725
What is -111100010010011001000 (base 2) in base 9?
-3640775
What is 559899 (base 12) in base 9?
2508860
Convert 6665531 (base 7) to base 5.
202314444
136634 (base 7) to base 4
12130103
-479649 (base 10) to base 4
-1311012201
11023200002 (base 4) to base 15
1bc4bb
344733 (base 8) to base 15
24ae1
-348ac (base 15) to base 12
-80a09
236747 (base 8) to base 5
10101013
Convert 1b7746 (base 16) to base 12.
729806
Convert 24255044 (base 6) to base 4.
2323321210
Convert 670384 (base 10) to base 16.
a3ab0
-2b8062a (base 12) to base 7
-135305164
What is -430036 (base 7) in base 6?
-1332414
What is -110195 (base 10) in base 15?
-229b5
154f9 (base 16) to base 2
10101010011111001
Convert 100210122211 (base 3) to base 14.
50453
-121110120 (base 3) to base 12
-6b43
1d4d0 (base 14) to base 2
10010010100101110
What is -2022052 (base 7) in base 11?
-154a30
What is 421949 (base 12) in base 16?
fde09
101010110101011111 (base 2) to base 15
36ec0
What is -120000202211111 (base 3) in base 7?
-124613065
Convert a8810 (base 11) to base 9.
260706
What is 10121000122020 (base 3) in base 12?
7811b0
Convert 358815 (base 9) to base 3.
101222220112
Convert 560226 (base 7) to base 11.
6805a
Convert 101201121220220 (base 3) to base 10.
5700723
Convert 218a229 (base 11) to base 7.
44411264
201220120221 (base 3) to base 5
100020103
Convert -42404220 (base 5) to base 2.
-1010111000111001010
What is -289213 (base 12) in base 3?
-1021111222020
What is 10302221003 (base 4) in base 7?
13450550
What is -470863 (base 11) in base 13?
-202457
Convert 59a798 (base 13) to base 3.
11000120010110
What is 895ca (base 16) in base 13?
169127
What is 218896 (base 11) in base 8?
1250460
Convert -14021034 (base 5) to base 10.
-142019
Convert -b3506 (base 13) to base 14.
-852c5
What is 295d2 (base 16) in base 10?
169426
What is -10011101100010001000 (base 2) in base 13?
-197911
Convert 87507 (base 12) to base 8.
535027
Convert -400c9 (base 13) to base 7.
-654361
What is -11010101111111 (base 2) in base 13?
-6306
c449b6 (base 13) to base 12
164a70a
-22321121021 (base 4) to base 12
-b590b5
What is 413351 (base 13) in base 10?
1520897
What is -1312676 (base 8) in base 2?
-1011001010110111110
Convert -1462218 (base 10) to base 14.
-2a0c42
7002753 (base 8) to base 14
35b403
What is 12277245 (base 8) in base 3?
12010011022102
15c092 (base 15) to base 6
34323345
-23100023003 (base 4) to base 12
-ba30ab
Convert -49a22 (base 12) to base 7.
-564302
What is -34521055 (base 8) in base 6?
-425004353
What is 15624431 (base 9) in base 4?
131302330222
-1818a (base 16) to base 9
-160344
Convert 103096 (base 11) to base 5.
20241044
Convert 100100101011010111 (base 2) to base 7.
1163664
45167a (base 11) to base 7
6054552
Convert 1223300402 (base 5) to base 4.
23033132201
-33120211 (base 4) to base 5
-4004023
Convert -1100210 (base 3) to base 11.
-823
What is 22110241 (base 6) in base 11?
4126aa
What is 184576 (base 10) in base 9?
311164
5c5c56 (base 13) to base 2
1000011100000110111001
Convert 742a9 (base 14) to base 12.
116351
-20041333 (base 5) to base 11
-a9487
What is 564283 (base 9) in base 13?
ba97b
What is -10222804 (base 10) in base 3?
-201020101001101
Convert 107085 (base 10) to base 13.
39984
366651 (base 7) to base 3
10102012110
11101110011100001000100 (base 2) to base 7
123260655
Convert -25b934 (base 12) to base 4.
-2113301320
-9a5529 (base 12) to base 15
-337b96
What is -215650261 (base 7) in base 6?
-1143444534
Convert -332a973 (base 12) to base 6.
-545142223
What is -59446b (base 12) in base 5?
-332011410
1245520 (base 7) to base 13
59173
-21551260 (base 7) to base 8
-7063212
What is -434512124 (base 6) in base 8?
-35546124
Convert -1100100001101100011 (base 2) to base 13.
-114aa5
77a90 (base 12) to base 14
41c28
Convert -10368731 (base 9) to base 8.
-23061125
Convert 13121212 (base 5) to base 3.
20120201102
-30228 (base 12) to base 10
-62528
Convert 11203300202 (base 4) to base 14.
29d08a
What is -3054541 (base 6) in base 5?
-14210032
Convert 22e0c (base 16) to base 2.
100010111000001100
What is 44728 (base 11) in base 12?
31591
-11110010011101110001 (base 2) to base 15
-1493e2
What is -42a841 (base 12) in base 14?
-1d6813
What is 6052654 (base 9) in base 8?
14227624
Convert 145aac (base 13) to base 9.
838546
-3431341320 (base 5) to base 13
-179062b
What is 411354353 (base 6) in base 10?
7075869
What is 112666 (base 9) in base 16?
1081e
What is 271187 (base 10) in base 15?
55542
-13523413 (base 6) to base 11
-296271
What is 799d4d (base 16) in base 5?
4020021000
Convert 120011212022 (base 3) to base 15.
5d7e5
-1a78986 (base 11) to base 8
-15254705
What is -24